ist the prime factors of 89457.
3, 29819
List the prime factors of 3415.
5, 683
What are the prime factors of 29528?
2, 3691
List the prime factors of 3761.
3761
What are the prime factors of 1203?
3, 401
List the prime factors of 6337.
6337
List the prime factors of 43600.
2, 5, 109
What are the prime factors of 34001?
11, 281
What are the prime factors of 80?
2, 5
What are the prime factors of 235?
5, 47
List the prime factors of 9759.
3, 3253
List the prime factors of 2440.
2, 5, 61
List the prime factors of 6315.
3, 5, 421
What are the prime factors of 26388?
2, 3, 733
What are the prime factors of 2098?
2, 1049
What are the prime factors of 9429?
3, 7, 449
List the prime factors of 3440.
2, 5, 43
List the prime factors of 3039.
3, 1013
What are the prime factors of 1072?
2, 67
List the prime factors of 971.
971
List the prime factors of 94826.
2, 17, 2789
What are the prime factors of 4273?
4273
List the prime factors of 929.
929
List the prime factors of 112590.
2, 3, 5, 139
What are the prime factors of 1508?
2, 13, 29
What are the prime factors of 5831?
7, 17
List the prime factors of 4637.
4637
List the prime factors of 3177.
3, 353
What are the prime factors of 394?
2, 197
What are the prime factors of 51306?
2, 3, 17, 503
List the prime factors of 3701.
3701
List the prime factors of 19583.
19583
What are the prime factors of 1954?
2, 977
What are the prime factors of 15033?
3, 5011
List the prime factors of 28722.
2, 3, 4787
What are the prime factors of 15293?
41, 373
List the prime factors of 11352.
2, 3, 11, 43
What are the prime factors of 1784?
2, 223
What are the prime factors of 5074?
2, 43, 59
List the prime factors of 2868.
2, 3, 239
What are the prime factors of 134047?
134047
List the prime factors of 13231.
101, 131
List the prime factors of 1719.
3, 191
List the prime factors of 190993.
11, 97, 179
List the prime factors of 30604.
2, 7, 1093
What are the prime factors of 136561?
17, 29, 277
List the prime factors of 27015.
3, 5, 1801
What are the prime factors of 9655?
5, 1931
What are the prime factors of 4726?
2, 17, 139
What are the prime factors of 1636?
2, 409
List the prime factors of 353.
353
List the prime factors of 305.
5, 61
List the prime factors of 1233.
3, 137
What are the prime factors of 12115?
5, 2423
What are the prime factors of 129?
3, 43
List the prime factors of 48155.
5, 9631
What are the prime factors of 35012?
2, 8753
List the prime factors of 4026.
2, 3, 11, 61
What are the prime factors of 360?
2, 3, 5
What are the prime factors of 840?
2, 3, 5, 7
List the prime factors of 37836.
2, 3, 1051
List the prime factors of 13980.
2, 3, 5, 233
What are the prime factors of 34528?
2, 13, 83
What are the prime factors of 1566?
2, 3, 29
List the prime factors of 2588.
2, 647
What are the prime factors of 155741?
155741
List the prime factors of 751.
751
What are the prime factors of 39856?
2, 47, 53
What are the prime factors of 2850?
2, 3, 5, 19
What are the prime factors of 26334?
2, 3, 7, 11, 19
What are the prime factors of 39655?
5, 7, 11, 103
List the prime factors of 3114.
2, 3, 173
What are the prime factors of 1740?
2, 3, 5, 29
What are the prime factors of 1375?
5, 11
List the prime factors of 476.
2, 7, 17
What are the prime factors of 1220?
2, 5, 61
What are the prime factors of 104082?
2, 3, 11, 19, 83
List the prime factors of 1620.
2, 3, 5
List the prime factors of 6370.
2, 5, 7, 13
List the prime factors of 25540.
2, 5, 1277
What are the prime factors of 2290?
2, 5, 229
List the prime factors of 411.
3, 137
List the prime factors of 26070.
2, 3, 5, 11, 79
What are the prime factors of 95?
5, 19
List the prime factors of 5181.
3, 11, 157
List the prime factors of 45336.
2, 3, 1889
What are the prime factors of 18?
2, 3
What are the prime factors of 1397?
11, 127
List the prime factors of 61225.
5, 31, 79
What are the prime factors of 5836?
2, 1459
List the prime factors of 11820.
2, 3, 5, 197
List the prime factors of 236.
2, 59
What are the prime factors of 4798?
2, 2399
What are the prime factors of 23962?
2, 11981
What are the prime factors of 4815?
3, 5, 107
List the prime factors of 1464.
2, 3, 61
List the prime factors of 28159.
29, 971
List the prime factors of 34253.
34253
List the prime factors of 68799.
3, 17, 19, 71
List the prime factors of 216.
2, 3
What are the prime factors of 23315?
5, 4663
What are the prime factors of 102915?
3, 5, 2287
List the prime factors of 6305.
5, 13, 97
List the prime factors of 26479.
26479
What are the prime factors of 3142?
2, 1571
What are the prime factors of 839?
839
What are the prime factors of 808?
2, 101
What are the prime factors of 5691?
3, 7, 271
List the prime factors of 76982.
2, 61, 631
What are the prime factors of 4622?
2, 2311
What are the prime factors of 8128?
2, 127
List the prime factors of 1180.
2, 5, 59
List the prime factors of 4711.
7, 673
List the prime factors of 2712.
2, 3, 113
List the prime factors of 24715.
5, 4943
What are the prime factors of 17406?
2, 3, 967
What are the prime factors of 3179?
11, 17
List the prime factors of 63.
3, 7
List the prime factors of 18065.
5, 3613
What are the prime factors of 7886?
2, 3943
What are the prime factors of 20488?
2, 13, 197
List the prime factors of 2369.
23, 103
List the prime factors of 5335.
5, 11, 97
List the prime factors of 6097.
7, 13, 67
What are the prime factors of 6044?
2, 1511
What are the prime factors of 7074?
2, 3, 131
List the prime factors of 43585.
5, 23, 379
List the prime factors of 28908.
2, 3, 11, 73
What are the prime factors of 42?
2, 3, 7
List the prime factors of 1099.
7, 157
List the prime factors of 1949.
1949
What are the prime factors of 4043?
13, 311
What are the prime factors of 2547?
3, 283
List the prime factors of 2725.
5, 109
What are the prime factors of 728?
2, 7, 13
List the prime factors of 37302.
2, 3, 6217
List the prime factors of 5219.
17, 307
What are the prime factors of 23745?
3, 5, 1583
What are the prime factors of 5369?
7, 13, 59
What are the prime factors of 60831?
3, 751
What are the prime factors of 28173?
3, 9391
List the prime factors of 13273.
13, 1021
What are the prime factors of 2864?
2, 179
List the prime factors of 3053.
43, 71
List the prime factors of 2090.
2, 5, 11, 19
What are the prime factors of 2004?
2, 3, 167
What are the prime factors of 1353?
3, 11, 41
What are the prime factors of 41662?
2, 37, 563
What are the prime factors of 2801?
2801
What are the prime factors of 4349?
4349
What are the prime factors of 1377?
3, 17
List the prime factors of 231.
3, 7, 11
What are the prime factors of 1678?
2, 839
List the prime factors of 26091.
3, 13, 223
List the prime factors of 9532.
2, 2383
List the prime factors of 105723.
3, 17, 691
List the prime factors of 410.
2, 5, 41
List the prime factors of 24655.
5, 4931
What are the prime factors of 692?
2, 173
List the prime factors of 8985.
3, 5, 599
What are the prime factors of 153341?
23, 59, 113
What are the prime factors of 5400?
2, 3, 5
What are the prime factors of 6386?
2, 31, 103
What are the prime factors of 983?
983
List the prime factors of 617.
617
What are the prime factors of 1558?
2, 19, 41
List the prime factors of 2376.
2, 3, 11
List the prime factors of 6110.
2, 5, 13, 47
List the prime factors of 79479.
3, 8831
List the prime factors of 11143.
11, 1013
What are the prime factors of 2423?
2423
List the prime factors of 19589.
19, 1031
What are the prime factors of 113?
113
What are the prime factors of 6400?
2, 5
What are the prime factors of 18504?
2, 3, 257
What are the prime factors of 612?
2, 3, 17
What are the prime factors of 22034?
2, 23, 479
What are the prime factors of 18431?
7, 2633
List the prime factors of 736.
2, 23
What are the prime factors of 13803?
3, 43, 107
List the prime factors of 1341.
3, 149
What are the prime factors of 178698?
2, 3, 13, 29, 79
What are the prime factors of 5410?
2, 5, 541
List the prime factors of 21872.
2, 1367
List the prime factors of 28.
2, 7
What are the prime factors of 1716?
2, 3, 11, 13
What are the prime factors of 923?
13, 71
What are the prime factors of 19103?
7, 2729
List the prime factors of 31072.
2, 971
List the prime factors of 11470.
2, 5, 31, 37
What are the prime factors of 